ulate v(-5).
5
Let p(u) = 19*u + 3. What is p(-1)?
-16
Let m(q) = 5*q**3 + 40*q**2 + 36*q + 3. Calculate m(-7).
-4
Let w(u) = -3*u**2 + 12. What is w(-3)?
-15
Let h(t) = t**3 + 6*t**2 + 3*t - 2. Calculate h(-5).
8
Let c(k) = -2*k**3 + 13*k**2 + 17*k + 10. Determine c(8).
-46
Let y(u) = -u**3 + 50*u**2 + u - 55. Determine y(50).
-5
Let d(u) = -5*u + 14. Give d(4).
-6
Let h(b) = -b**3 - 5*b**2 + 8*b + 10. Give h(-6).
-2
Let b(y) = y**3 + 6*y**2 + 4*y - 7. Determine b(-3).
8
Let q(x) = 9*x + 21. What is q(3)?
48
Let n(p) = -4*p - 3. Determine n(-2).
5
Let o(q) = -14*q**3 - 2*q**2 + q. Give o(1).
-15
Let o(p) = -2*p - 4. Give o(10).
-24
Let q(j) = 14*j - 1. Determine q(-2).
-29
Let b(c) = -9*c**2 + c + 1. What is b(-1)?
-9
Let k(g) = g**3 + 6*g**2 + 16*g + 93. Determine k(-6).
-3
Let u(l) = 7*l**2 + 10*l + 9. Calculate u(-1).
6
Let o(x) = 3*x**2 + 8*x + 7. Determine o(-3).
10
Let m(t) = -2*t**2 - 28*t - 17. Give m(-13).
9
Let s(c) = 26*c**2 - 1. Give s(-1).
25
Let k(x) = x**3 + 5*x**2 + 6*x - 5. Determine k(-7).
-145
Let y(s) = -s**2 + 34*s + 74. Determine y(36).
2
Let r(u) = u**3 - 10*u**2 + u - 13. Give r(10).
-3
Let g(a) = 4*a - 18. Determine g(8).
14
Let z(u) = -u**3 - 16*u**2 - 12*u + 12. Calculate z(-15).
-33
Let u(h) = -h**3 + 3*h**2 + 2*h + 8. Give u(4).
0
Let m(a) = -3*a - 34. What is m(14)?
-76
Let m(i) = -23*i**3 + i**2 - 2*i + 2. Give m(1).
-22
Let r(x) = 2*x**2 - 13*x - 23. Give r(-5).
92
Let z(o) = 3*o**2 + 2*o + 2. Give z(2).
18
Let n(t) = -t - 8. Give n(0).
-8
Let j(s) = 2*s**2 + 7*s - 18. Calculate j(-5).
-3
Let p(h) = h**3 + 7*h**2 + 2*h + 14. What is p(-7)?
0
Let y(z) = -z**3 - 8*z**2 + z - 2. What is y(-8)?
-10
Let d(u) = -u**2 - 44*u - 247. Calculate d(-38).
-19
Let o(t) = -30*t + 109. Calculate o(4).
-11
Let m(z) = -z**2 - 3*z + 13. What is m(-7)?
-15
Let y(x) = -x**2 - 73*x - 1094. Calculate y(-52).
-2
Let p(t) = 4*t. Calculate p(-1).
-4
Let j(n) = n**2 - 3*n + 10. What is j(4)?
14
Let k(q) = -52*q**2 - 2*q. Give k(1).
-54
Let y(s) = -7*s - 3. Calculate y(-4).
25
Let d(t) = -4*t**2 + 57*t - 16. Give d(16).
-128
Let j(r) = -11*r + 44. Calculate j(6).
-22
Let d(l) = -2*l**2 + 21*l - 8. Determine d(10).
2
Let c(z) = -z**3 - 7*z**2 - 8*z - 10. Give c(-6).
2
Let u(s) = -s**2 - 9*s + 106. Determine u(-16).
-6
Let w(f) = f**2 + 11*f - 11. Determine w(-8).
-35
Let w(c) = -c**3 - 2*c**2 + 17*c + 8. Calculate w(-5).
-2
Let i(w) = -41*w + 131. What is i(4)?
-33
Let v(o) = -3*o + 25. What is v(16)?
-23
Let v(l) = -l**2 + 12*l - 3. Determine v(5).
32
Let h(v) = 416*v + 831. What is h(-2)?
-1
Let p(r) = -13*r**3 - r**2 + r + 2. Determine p(-1).
13
Let x(h) = h**2 - 5*h + 4. Calculate x(6).
10
Let m(b) = -5*b + 31. What is m(14)?
-39
Let i(u) = -36*u - 1182. What is i(-33)?
6
Let m(o) = o**3 + 12*o**2 + 19*o + 4. Determine m(-7).
116
Let k(d) = -d**2 - 5*d + 8. Calculate k(-6).
2
Let v(t) = -4*t**2 + 15*t - 20. What is v(4)?
-24
Let q(h) = -4*h**2 - 47*h - 12. What is q(-12)?
-24
Let p(z) = -z**3 - 20*z**2 - 19*z + 6. What is p(-19)?
6
Let x(o) = -2*o + 1. Give x(6).
-11
Let l(i) = i**3 - 4*i**2 + 11*i - 2. Determine l(4).
42
Let h(o) = -o**3 + 6*o**2 - 4*o - 3. Determine h(5).
2
Let y(c) = 246*c - 736. Determine y(3).
2
Let g(o) = -o**2 + 17*o + 10. What is g(20)?
-50
Let o(x) = 11*x**3 - 4*x + 4. Determine o(2).
84
Let m(j) = j**3 + 8*j**2 + 5*j + 17. What is m(-8)?
-23
Let q(s) = -s**3 - 6*s**2 + 8*s - 1. Calculate q(-7).
-8
Let g(k) = 68*k - 359. Calculate g(5).
-19
Let y(t) = -t**2 - 12*t - 18. Give y(-8).
14
Let z(i) = -i**3 - 7*i**2 - 7*i + 11. Give z(-6).
17
Let w(f) = -f + 12. Give w(-5).
17
Let k(t) = 2*t**2 + 7*t - 5. Calculate k(-8).
67
Let w(a) = 14*a**2 - 2. Calculate w(-1).
12
Let t(z) = 2*z + 1. What is t(8)?
17
Let k(n) = -6*n - 4. What is k(3)?
-22
Let x(y) = 16*y - 139. Calculate x(10).
21
Let b(d) = -d**2 + 19*d + 70. Determine b(22).
4
Let l(d) = 7*d**2 + 2. Give l(-3).
65
Let l(g) = g + 29. Calculate l(16).
45
Let w(k) = k**2 - 2*k + 1. Give w(2).
1
Let x(k) = -k**2 + 3*k - 11. What is x(3)?
-11
Let y(h) = -h**3 + 11*h**2 + 12*h + 27. Calculate y(12).
27
Let h(t) = -3*t + 20. Calculate h(5).
5
Let b(c) = -2*c**2 + 8*c - 8. Determine b(4).
-8
Let x(y) = -y**3 - 9*y**2 - y + 5. Determine x(-9).
14
Let a(f) = f + 36. Determine a(-11).
25
Let y(r) = 10*r + 5. Calculate y(-2).
-15
Let r(j) = 7*j - 1. What is r(0)?
-1
Let s(k) = k**2 - 9*k - 16. Give s(11).
6
Let o(h) = h**3 + 7*h**2 + 9*h + 5. Determine o(-6).
-13
Let h(x) = 4*x + 20. Calculate h(-7).
-8
Let d(s) = -2*s**3 + 22*s**2 - 8. Calculate d(11).
-8
Let h(w) = w**3 + w + 3. What is h(-2)?
-7
Let z(d) = -d**3 - 4*d**2 + 5. What is z(-4)?
5
Let z(a) = a**3 + 7*a**2 - 18*a + 3. Give z(-9).
3
Let r(g) = 2*g**3 + 2*g**2 + 2*g - 2. Give r(-2).
-14
Let r(d) = d**3 - 7*d**2 - 15*d + 7. Determine r(9).
34
Let h(r) = -2*r**2 - 3*r - 6. Give h(4).
-50
Let d(c) = c**2 + 10*c + 14. Calculate d(-6).
-10
Let m(q) = 7*q - 48. Determine m(-9).
-111
Let p(g) = 15*g - 97. Determine p(0).
-97
Let y(t) = t - 3. Give y(6).
3
Let p(v) = -36*v + 853. Calculate p(24).
-11
Let b(w) = w**2 + 2*w - 7. Calculate b(-4).
1
Let y(k) = 17*k - 1. Give y(1).
16
Let j(q) = -2*q**2 + 11*q - 8. Calculate j(7).
-29
Let g(k) = k**3 - 20*k**2 - 47*k + 14. Give g(22).
-52
Let j(x) = -x**3 - 4*x**2 - 4*x - 2. Calculate j(-4).
14
Let a(t) = -t**3 + 7*t**2 + 5*t - 31. Calculate a(7).
4
Let g(f) = -2*f + 19. Calculate g(13).
-7
Let k(r) = r - 10. Determine k(16).
6
Let f(i) = -i**2 - 10*i - 3. Give f(-11).
-14
Let t(s) = -7*s**2 - 23*s + 8. Calculate t(-6).
-106
Let p(g) = -g**3 + 14*g**2 - 61*g + 14. Calculate p(8).
-90
Let q(b) = -142*b**3 - b**2 - 3*b - 1. What is q(-1)?
143
Let t(i) = 2*i**2 + 7*i - 2. Determine t(-4).
2
Let s(h) = -9*h - 67. Determine s(-8).
5
Let s(g) = g - 1. Calculate s(-1).
-2
Let z(r) = -r**3 - 12*r**2 - 14*r - 5. Give z(-11).
28
Let t(a) = 11*a - 12. Calculate t(0).
-12
Let a(c) = 51*c**2 + c + 3. Calculate a(-1).
53
Let u(a) = -a**2 - a - 28. Determine u(0).
-28
Let h(x) = -x**3 + 32*x**2 - 55*x - 152. Calculate h(30).
-2
Let k(i) = 4*i - 10. What is k(-7)?
-38
Let z(i) = i**3 + 18*i**2 + 39*i + 63. Give z(-16).
-49
Let y(o) = -o**3 + 11*o**2 + 26*o - 21. Determine y(13).
-21
Let q(o) = -o + 1. What is q(-10)?
11
Let k(w) = -w**2 + 71. Give k(7).
22
Let r(a) = 13*a - 60. Determine r(5).
5
Let v(b) = b**3 - 14*b**2 - 4*b + 6. Calculate v(14).
-50
Let y(u) = u**3 - 5*u**2 - 12*u + 49. Give y(3).
-5
Let p(c) = -c**3 - 8*c**2 - 11*c + 8. Give p(-6).
2
Let y(s) = -2*s**2 + 4*s + 2. Determine y(-3).
-28
Let n(j) = j**2 - 13*j + 17. Calculate n(2).
-5
Let y(d) = d**2 + 8*d + 7. Give y(-6).
-5
Let j(o) = 2*o**2 - 12*o - 20. What is j(8)?
12
Let g(f) = f**2 + 7*f + 4. Determine g(-5).
-6
Let s(u) = -4*u**2 + 8*u - 8. What is s(1)?
-4
Let m(c) = -c**3 - c - 7. Give m(0).
-7
Let q(i) = i**2 - 14*i + 15. Calculate q(6).
-33
Let x(i) = -i + 37. What is x(0)?
37
Let d(u) = -8*u + 411. What is d(51)?
3
Let z(q) = 2*q**2 + 23*q - 10. Calculate z(-11).
-21
Let g(t) = -5*t + 14. Calculate g(3).
-1
Let v(m) = 2*m**3 - 4*m**2 - 2*m + 3. Calculate v(4).
59
Let b(g) = -4*g - 7. Give b(0).
-7
Let m(a) = 4*a - 13. What is m(7)?
15
Let z(g) = 2*g**2 - 2*g + 2. What is z(-2)?
14
Let c(y) = y**3 - 5*y**2 - 4*y. Give c(6).
12
Let p(k) = k**3 + 7*k**2 + 8*k + 12. Give p(-5).
22
Let u(c) = 19*c**3 - 2*c - 1. Calculate u(-1).
-18
Let a(c) = 22*c + 9. Give a(2).
53
Let u(q) = -q**2 - q + 3. Determine u(4).
-17
Let o(r) = 13*r - 48. Determine o(9).
69
Let f(m) = -m**3 - 5*m - 2. Calculate f(-4).
82
Let o(f) = -2*f**2 - 11*f + 13. Give o(-7).
-8
Let y(d) = d**2 + d + 22. Calculate y(0).
22
Let l(j) = -14*j**2 + 136*j + 35. Calculate l(10).
-5
Let z(s) = s**2 - 23*s + 135. Give z(18).
45
Let l(k) = -3*k**2 + 22*k - 8. What is l(7)?
-1
Let m(t) = -5*t + 199. What is m(40)?
-1
Let l(c) = 5*c**2 + 2*c + 7. Determine l(4).
95
Let g(f) = f**2 - 8*f + 7. Give g(8).
7
Let h(l) = l**2 - 10*l - 9. What is h(6)?
-33
Let a(r) = r**3 + 6*r**2 - 4*r + 20. What is a(-7)?
-1
Let w(n) = n - 7. Determine w(6).
-1
Let d(c) = 23*c - 110. Give d(4).
-18
Let q(a) = -a**2 + 7*a - 14. Determine q(5).
-4
Let g(u) = -u + 13. Give g(5).
8
Let n(r) = -16*r**3 + 1. Calculate n(-1).
17
Let n(h) = -h**3 - 8*h**2 - 5*h + 7. Determine n(-3).
